 76?
True
Is 966 a multiple of 6?
True
Is 39 a factor of 2223?
True
Does 9 divide 598?
False
Does 11 divide 3630?
True
Does 18 divide 50724?
True
Does 17 divide 3504?
False
Is 1936 a multiple of 22?
True
Does 6 divide 3077?
False
Is 42038 a multiple of 10?
False
Is 38 a factor of 416?
False
Is 11 a factor of 9955?
True
Is 4 a factor of 2627?
False
Is 2958 a multiple of 28?
False
Is 93 a multiple of 76?
False
Is 816 a multiple of 204?
True
Is 189 a factor of 14931?
True
Is 867 a multiple of 7?
False
Is 17 a factor of 2405?
False
Does 19 divide 11637?
False
Does 4 divide 1076?
True
Is 55 a factor of 24237?
False
Does 32 divide 2432?
True
Does 13 divide 45393?
False
Does 214 divide 44084?
True
Is 55 a factor of 56925?
True
Does 44 divide 30948?
False
Is 123 a factor of 1220?
False
Is 12 a factor of 31584?
True
Does 31 divide 1830?
False
Is 636 a multiple of 53?
True
Is 35 a factor of 490?
True
Is 19 a factor of 171?
True
Is 16 a factor of 36068?
False
Does 21 divide 36295?
False
Is 21 a factor of 1323?
True
Is 20 a factor of 2543?
False
Is 115 a factor of 6785?
True
Does 17 divide 2691?
False
Is 6 a factor of 6552?
True
Is 5970 a multiple of 78?
False
Is 1929 even?
False
Is 21 a factor of 13545?
True
Is 62491 a multiple of 11?
True
Is 60 a factor of 51780?
True
Is 3978 a multiple of 39?
True
Is 86 a factor of 4977?
False
Is 6720 a multiple of 15?
True
Is 2552 a multiple of 22?
True
Is 92 a factor of 1288?
True
Is 3312 a multiple of 46?
True
Is 67 a factor of 1694?
False
Is 38 a factor of 15694?
True
Does 13 divide 1209?
True
Is 1046 a multiple of 25?
False
Is 38 a factor of 12236?
True
Does 98 divide 7873?
False
Is 217 a factor of 47847?
False
Is 34475 a multiple of 25?
True
Does 10 divide 501?
False
Is 21232 a multiple of 207?
False
Is 56 a factor of 926?
False
Does 134 divide 13668?
True
Is 37 a factor of 18147?
False
Is 19 a factor of 285?
True
Is 1251 a multiple of 10?
False
Is 57168 a multiple of 24?
True
Is 34410 a multiple of 186?
True
Is 3254 a multiple of 47?
False
Is 15601 a multiple of 82?
False
Does 8 divide 4423?
False
Is 624 a multiple of 11?
False
Does 108 divide 5508?
True
Does 230 divide 50830?
True
Is 15869 a multiple of 11?
False
Does 17 divide 714?
True
Is 1094 a multiple of 3?
False
Is 806 a multiple of 65?
False
Is 86 a factor of 1653?
False
Is 8 a factor of 1641?
False
Is 6 a factor of 696?
True
Does 57 divide 741?
True
Does 40 divide 764?
False
Is 33060 a multiple of 37?
False
Does 6 divide 10077?
False
Is 122 a factor of 20217?
False
Is 19 a factor of 3458?
True
Does 25 divide 299?
False
Is 28 a factor of 56?
True
Does 51 divide 6987?
True
Does 42 divide 420?
True
Is 5896 a multiple of 11?
True
Is 205 a multiple of 5?
True
Is 304 a multiple of 38?
True
Is 9623 a multiple of 230?
False
Is 2353 a multiple of 13?
True
Is 9 a factor of 518?
False
Is 10840 a multiple of 107?
False
Does 55 divide 4728?
False
Does 60 divide 30124?
False
Is 41 a factor of 533?
True
Is 19 a factor of 570?
True
Is 5 a factor of 115?
True
Is 28 a factor of 1344?
True
Is 8 a factor of 20574?
False
Is 36 a factor of 250?
False
Is 2377 a multiple of 10?
False
Does 8 divide 166?
False
Is 13329 a multiple of 202?
False
Is 30646 a multiple of 11?
True
Is 1290 a multiple of 51?
False
Is 293 a multiple of 4?
False
Is 55013 a multiple of 197?
False
Is 22070 a multiple of 22?
False
Is 2475 a multiple of 55?
True
Is 1870 a multiple of 34?
True
Is 34 a factor of 6766?
True
Does 6 divide 3378?
True
Is 27056 a multiple of 152?
True
Is 153 a multiple of 25?
False
Does 18 divide 1782?
True
Does 23 divide 3895?
False
Does 12 divide 1108?
False
Does 6 divide 143?
False
Is 1612 a multiple of 26?
True
Is 969 a multiple of 19?
True
Is 6935 a multiple of 11?
False
Is 75 a factor of 3900?
True
Does 2 divide 309?
False
Does 22 divide 21362?
True
Is 3400 a multiple of 20?
True
Does 79 divide 219?
False
Is 2875 a multiple of 25?
True
Does 4 divide 695?
False
Is 32 a factor of 118797?
False
Is 111 a factor of 11877?
True
Does 25 divide 425?
True
Is 33 a factor of 924?
True
Is 41 a factor of 29361?
False
Is 794 a multiple of 30?
False
Is 2133 a multiple of 106?
False
Does 19 divide 23032?
False
Is 3 a factor of 114?
True
Does 5 divide 5312?
False
Is 12012 a multiple of 42?
True
Is 83640 a multiple of 205?
True
Does 15 divide 5220?
True
Does 140 divide 37111?
False
Is 3855 a multiple of 3?
True
Is 7 a factor of 3689?
True
Does 23 divide 58558?
True
Does 5 divide 1303?
False
Is 1582 a multiple of 13?
False
Is 17 a factor of 59?
False
Does 9 divide 25667?
False
Does 104 divide 1486?
False
Does 2 divide 120?
True
Is 1626 a multiple of 24?
False
Is 322 a multiple of 14?
True
Is 28133 a multiple of 225?
False
Does 20 divide 27020?
True
Is 576 a multiple of 32?
True
Does 9 divide 234?
True
Is 23963 a multiple of 8?
False
Is 2209 a multiple of 47?
True
Is 7875 a multiple of 5?
True
Is 20 a factor of 3920?
True
Is 6438 a multiple of 37?
True
Is 8364 a multiple of 123?
True
Is 3618 a multiple of 201?
True
Is 9 a factor of 81195?
False
Is 13156 a multiple of 11?
True
Does 21 divide 557?
False
Is 48795 a multiple of 25?
False
Does 30 divide 1481?
False
Is 2200 a multiple of 20?
True
Is 94 a factor of 16616?
False
Does 7 divide 742?
True
Is 91 a factor of 1374?
False
Is 41 a factor of 12230?
False
Is 82699 a multiple of 377?
False
Does 5 divide 8810?
True
Is 17 a factor of 2710?
False
Does 85 divide 901?
False
Is 610 a multiple of 10?
True
Does 5 divide 55?
True
Does 9 divide 1242?
True
Is 3168 a multiple of 44?
True
Is 1251 a multiple of 6?
False
Is 68 a factor of 9384?
True
Is 54 a multiple of 18?
True
Is 37 a factor of 4710?
False
Is 3 a factor of 3434?
False
Is 16740 a multiple of 186?
True
Is 8 a factor of 272?
True
Is 32893 a multiple of 91?
False
Does 14 divide 8638?
True
Is 1929 a multiple of 19?
False
Is 23 a factor of 1840?
True
Is 58 a factor of 6801?
False
Is 840 a multiple of 24?
True
Is 178 a multiple of 8?
False
Is 21 a factor of 6314?
False
Does 40 divide 13136?
False
Is 4 a factor of 10825?
False
Is 17 a factor of 272?
True
Is 3879 a multiple of 18?
False
Is 21 a factor of 7687?
False
Does 10 divide 550?
True
Is 693 a multiple of 9?
True
Is 16 a factor of 3339?
False
Does 11 divide 671?
True
Does 7 divide 178?
False
Is 5 a factor of 116?
False
Is 4299 a multiple of 11?
False
Is 24 a factor of 3360?
True
Is 73 a factor of 29023?
False
Is 34320 a multiple of 48?
True
Is 23192 a multiple of 52?
True
Is 2129 a multiple of 87?
False
Does 51 divide 1884?
False
Is 2469 a multiple of 81?
False
Does 8 divide 702?
False
Does 24 divide 2514?
False
Does 183 divide 11266?
False
Is 3275 a multiple of 12?
False
Does 38 divide 11134?
True
Is 26784 a multiple of 6?
True
Does 3 divide 47?
False
Is 4 a factor of 534?
False
Does 15 divide 2535?
True
Is 13 a factor of 18512?
True
Is 27 a factor of 3429?
True
Does 10 divide 1030?
True
Is 38 a factor of 1588?
False
Does 22 divide 31420?
False
Is 71 a factor of 2343?
True
Is 25950 a multiple of 90?
False
Is 28 a factor of 1484?
True
Is 1020 a multiple of 46?
False
Is 34 a factor of 31174?
False
Is 27 a factor of 1161?
True
Does 52 divide 832?
True
Is 33 a factor of 3329?
False
Is 74094 a multiple of 106?
True
Is 36 a factor of 1116?
True
Is 1030 a multiple of 3?
False
Does 20 divide 4720?
True
Does 5 divide 21044?
False
Does 9 divide 528?
False
Is 36 a factor of 6245?
False
Does 10 divide 3222?
False
Is 136 a factor of 2176?
True
Is 22 a factor of 4265?
False
Is 12 a factor of 2208?
True
Does 9 divide 472?
False
Is 1910 a multiple of 20?
False
Does 76 divide 9500?
True
Is 57 a factor of 6327?
True
Does 11 divide 5508?
False
Does 5 divide 48288?
False
Does 5 divide 243?
False
Is 517 a multiple of 8?
False
Does 10 divide 3330?
True
Is 45600 a multiple of 16?
True
Is 68 a factor of 42017?
False
Is 39104 a multiple of 188?
True
Is 960 a multiple of 37?
False
Is 10153 a multiple of 71?
True
Is 15 a factor of 1575?
True
Does 24 divide 408?
True
Is 45 a factor of 2690?
False
Does 113 divide 43844?
True
Is 7 a factor of 189?
True
Does 6 divide 29040?
True
Does 42 divide 43764?
True
Is 1472 a multiple of 64?
True
Is 110 a factor of 4247?
False
Is 19 a factor of 266?
True
Does 95 divide 10260?
True
Is 57 a factor of 1536?
False
Is 34 a factor of 3005?